e the prime factors of 19126?
2, 73, 131
What are the prime factors of 8828?
2, 2207
What are the prime factors of 1467?
3, 163
What are the prime factors of 10157?
7, 1451
List the prime factors of 14973.
3, 7, 23, 31
What are the prime factors of 33309?
3, 3701
List the prime factors of 49691.
17, 37, 79
List the prime factors of 202.
2, 101
List the prime factors of 1574.
2, 787
What are the prime factors of 2012?
2, 503
List the prime factors of 25383.
3, 8461
What are the prime factors of 9291?
3, 19, 163
List the prime factors of 17265.
3, 5, 1151
What are the prime factors of 57383?
57383
What are the prime factors of 29211?
3, 7, 13, 107
List the prime factors of 8160.
2, 3, 5, 17
List the prime factors of 2345.
5, 7, 67
List the prime factors of 1419.
3, 11, 43
List the prime factors of 115590.
2, 3, 5, 3853
What are the prime factors of 724?
2, 181
What are the prime factors of 8378?
2, 59, 71
What are the prime factors of 7397?
13, 569
List the prime factors of 4396.
2, 7, 157
List the prime factors of 23603.
23603
List the prime factors of 1158.
2, 3, 193
What are the prime factors of 527?
17, 31
What are the prime factors of 70844?
2, 89, 199
List the prime factors of 69.
3, 23
What are the prime factors of 4853?
23, 211
List the prime factors of 1144.
2, 11, 13
List the prime factors of 1335.
3, 5, 89
List the prime factors of 106977.
3, 13, 211
List the prime factors of 977.
977
What are the prime factors of 1041?
3, 347
List the prime factors of 26248.
2, 17, 193
List the prime factors of 92164.
2, 23041
What are the prime factors of 31441?
23, 1367
List the prime factors of 14432.
2, 11, 41
What are the prime factors of 46732?
2, 7, 1669
What are the prime factors of 29223?
3, 17, 191
What are the prime factors of 34248?
2, 3, 1427
What are the prime factors of 3281?
17, 193
List the prime factors of 2066.
2, 1033
List the prime factors of 68410.
2, 5, 6841
What are the prime factors of 17752?
2, 7, 317
List the prime factors of 52243.
89, 587
What are the prime factors of 4534?
2, 2267
What are the prime factors of 896?
2, 7
List the prime factors of 80142.
2, 3, 19, 37
List the prime factors of 472.
2, 59
List the prime factors of 132.
2, 3, 11
What are the prime factors of 50776?
2, 11, 577
What are the prime factors of 538?
2, 269
List the prime factors of 19416.
2, 3, 809
What are the prime factors of 126892?
2, 31723
List the prime factors of 56199.
3, 11, 13, 131
List the prime factors of 30717.
3, 3413
What are the prime factors of 3603?
3, 1201
List the prime factors of 5222.
2, 7, 373
What are the prime factors of 70656?
2, 3, 23
List the prime factors of 504.
2, 3, 7
What are the prime factors of 305?
5, 61
List the prime factors of 846.
2, 3, 47
List the prime factors of 7271.
11, 661
List the prime factors of 15392.
2, 13, 37
List the prime factors of 3696.
2, 3, 7, 11
List the prime factors of 6463.
23, 281
List the prime factors of 15531.
3, 31, 167
What are the prime factors of 9595?
5, 19, 101
List the prime factors of 1070.
2, 5, 107
What are the prime factors of 12739?
12739
What are the prime factors of 11084?
2, 17, 163
List the prime factors of 171292.
2, 11, 17, 229
List the prime factors of 975.
3, 5, 13
List the prime factors of 18808.
2, 2351
List the prime factors of 49971.
3, 16657
List the prime factors of 1036.
2, 7, 37
What are the prime factors of 21507?
3, 67, 107
What are the prime factors of 2236?
2, 13, 43
What are the prime factors of 1049?
1049
What are the prime factors of 38985?
3, 5, 23, 113
List the prime factors of 3807.
3, 47
List the prime factors of 33836.
2, 11, 769
List the prime factors of 30561.
3, 61, 167
What are the prime factors of 435?
3, 5, 29
List the prime factors of 408.
2, 3, 17
What are the prime factors of 17801?
7, 2543
What are the prime factors of 5311?
47, 113
List the prime factors of 2837.
2837
What are the prime factors of 4615?
5, 13, 71
What are the prime factors of 11655?
3, 5, 7, 37
List the prime factors of 12181.
13, 937
What are the prime factors of 10698?
2, 3, 1783
What are the prime factors of 13655?
5, 2731
List the prime factors of 4364.
2, 1091
What are the prime factors of 89?
89
List the prime factors of 5990.
2, 5, 599
What are the prime factors of 6451?
6451
List the prime factors of 3616.
2, 113
What are the prime factors of 62832?
2, 3, 7, 11, 17
What are the prime factors of 2401?
7
What are the prime factors of 47057?
47057
List the prime factors of 2928.
2, 3, 61
What are the prime factors of 9469?
17, 557
What are the prime factors of 31007?
101, 307
What are the prime factors of 35696?
2, 23, 97
What are the prime factors of 143055?
3, 5, 11, 17
What are the prime factors of 14687?
19, 773
What are the prime factors of 14853?
3, 4951
List the prime factors of 509.
509
List the prime factors of 1310.
2, 5, 131
List the prime factors of 824.
2, 103
List the prime factors of 2060.
2, 5, 103
List the prime factors of 10997.
7, 1571
List the prime factors of 53922.
2, 3, 11, 19, 43
List the prime factors of 718.
2, 359
What are the prime factors of 388?
2, 97
List the prime factors of 20029.
20029
What are the prime factors of 6538?
2, 7, 467
What are the prime factors of 658?
2, 7, 47
List the prime factors of 5264.
2, 7, 47
List the prime factors of 11800.
2, 5, 59
List the prime factors of 315.
3, 5, 7
List the prime factors of 6486.
2, 3, 23, 47
What are the prime factors of 5788?
2, 1447
List the prime factors of 114416.
2, 7151
What are the prime factors of 2179?
2179
What are the prime factors of 5431?
5431
List the prime factors of 7200.
2, 3, 5
List the prime factors of 723.
3, 241
List the prime factors of 1268.
2, 317
What are the prime factors of 102880?
2, 5, 643
List the prime factors of 549.
3, 61
List the prime factors of 8725.
5, 349
What are the prime factors of 1234?
2, 617
What are the prime factors of 2010?
2, 3, 5, 67
List the prime factors of 74844.
2, 3, 7, 11
What are the prime factors of 18540?
2, 3, 5, 103
List the prime factors of 13643.
7, 1949
List the prime factors of 108419.
181, 599
List the prime factors of 27557.
17, 1621
List the prime factors of 53442.
2, 3, 2969
What are the prime factors of 4757?
67, 71
What are the prime factors of 564?
2, 3, 47
What are the prime factors of 1895?
5, 379
List the prime factors of 121884.
2, 3, 7, 1451
What are the prime factors of 46258?
2, 101, 229
What are the prime factors of 12097?
12097
What are the prime factors of 23896?
2, 29, 103
List the prime factors of 2057.
11, 17
List the prime factors of 306.
2, 3, 17
What are the prime factors of 374?
2, 11, 17
What are the prime factors of 136?
2, 17
What are the prime factors of 2556?
2, 3, 71
List the prime factors of 51122.
2, 25561
List the prime factors of 2116.
2, 23
What are the prime factors of 5182?
2, 2591
What are the prime factors of 2020?
2, 5, 101
What are the prime factors of 50479?
11, 13, 353
List the prime factors of 13090.
2, 5, 7, 11, 17
List the prime factors of 56052.
2, 3, 173
What are the prime factors of 1886?
2, 23, 41
List the prime factors of 5609.
71, 79
List the prime factors of 26023.
53, 491
List the prime factors of 2403.
3, 89
List the prime factors of 1714.
2, 857
List the prime factors of 3099.
3, 1033
What are the prime factors of 1381?
1381
List the prime factors of 950.
2, 5, 19
List the prime factors of 1415.
5, 283
List the prime factors of 826.
2, 7, 59
List the prime factors of 25743.
3, 8581
List the prime factors of 38649.
3, 13, 991
List the prime factors of 1158.
2, 3, 193
What are the prime factors of 182?
2, 7, 13
List the prime factors of 1692.
2, 3, 47
List the prime factors of 10077.
3, 3359
List the prime factors of 7154.
2, 7, 73
List the prime factors of 7985.
5, 1597
What are the prime factors of 11753?
7, 23, 73
What are the prime factors of 2762?
2, 1381
What are the prime factors of 3782?
2, 31, 61
What are the prime factors of 896?
2, 7
What are the prime factors of 6651?
3, 739
What are the prime factors of 3409?
7, 487
What are the prime factors of 96589?
96589
What are the prime factors of 5560?
2, 5, 139
List the prime factors of 61877.
43, 1439
List the prime factors of 61529.
13, 4733
List the prime factors of 2085.
3, 5, 139
List the prime factors